)/(-2) + 0). Let l(j) = -j**3 + 13*j**2 + 30*j + 22. Let u be l(15). What is the greatest common divisor of u and w?
2
Let q(h) = -h + 3. Let y be q(0). Let s = y + 2. Let l(v) = -v**3 + 9*v**2 - 5*v + 2. Let p be l(s). What is the greatest common divisor of 11 and p?
11
Suppose 4*w - 10 = -2*t, -3*t + w = -16 - 34. Calculate the greatest common factor of t and 10.
5
Let k = -15 + 63. What is the highest common factor of k and 72?
24
Let g be 2/2*-4 - -74. What is the highest common factor of 14 and g?
14
Suppose 13 = 4*j - x, x + 8 = j - 4*x. What is the highest common factor of j and 6?
3
Suppose -10*m + 14*m - 11 = -x, 4 = 2*m. Suppose 0 = -2*s - 0*s + 4. What is the highest common factor of x and s?
1
Let s(o) = -12*o - 18. Let h be s(-6). Calculate the highest common factor of h and 6.
6
Let g = -11 - -146. What is the greatest common factor of g and 15?
15
Let m(w) = -w**3 + 9*w**2 - 9*w + 5. Let s be m(8). Let n = s + 13. What is the greatest common divisor of n and 110?
10
Let r(h) = 7*h**2 + 14*h + 2. Let a be r(-2). Calculate the greatest common divisor of a and 26.
2
Let v = -57 - -65. Calculate the greatest common divisor of v and 88.
8
Let q(f) = -5*f + 13. Let h be q(-7). Calculate the greatest common divisor of h and 432.
48
Let n = -26 - -111. Suppose -n = k - 6*k. Suppose -2*j = 3*j - 85. What is the highest common divisor of k and j?
17
Suppose -b = 5*p - 11, -3*b - p + 0 = -19. Let l be 141/9 - 4/b. Calculate the highest common divisor of 120 and l.
15
Suppose -2*r - 3*r = -65. Let m be 90 + 15 - -1*(-1 + 0). What is the highest common divisor of r and m?
13
Suppose 2*z + 225 = 5*z. What is the highest common factor of 25 and z?
25
Let b be 6*(2 - (4 + -1)). Let g = b + 15. Let r = 15 - g. What is the highest common factor of r and 30?
6
Suppose -2*t + 6 = -5*t. Let o be -30*(-2 - (-3 - t)). What is the greatest common divisor of o and 330?
30
Let g(s) = -10*s + 98. Let f be g(0). Suppose 4*r - 4 = 52. What is the greatest common factor of f and r?
14
Suppose -5*p + 25 = 0, 10 = -h + 4*h - 4*p. What is the highest common factor of h and 5?
5
Let s(q) = 4*q - 10. Let d be s(5). What is the greatest common divisor of d and 15?
5
Let o(s) = -s**2 + 5*s + 1. Let m be o(4). Suppose -m*x + 40 = -0*x. Let k be (66/x)/((-9)/(-24)). Calculate the highest common factor of 11 and k.
11
Let b = -44 - -112. Calculate the greatest common factor of 17 and b.
17
Suppose 5*d + 39 = y + 12, 0 = -y + 3*d + 25. Calculate the highest common divisor of 242 and y.
22
Let j = -12 + 17. Suppose 0 = 4*p - 34*v + 39*v - 30, -28 = -2*p + 4*v. What is the greatest common factor of j and p?
5
Let k(p) = 11*p**2 + 1. Suppose -l + 2 = -0*l. Let f be k(l). Calculate the greatest common divisor of 9 and f.
9
Suppose 5*n - 83 = 2. Let y(l) = l**3 - 3*l**2 - 9*l + 3. Let a be y(7). What is the greatest common factor of a and n?
17
Let q be ((-6)/(-15))/(2/(-10)). Let k be (-45)/(-6) - q/(-4). Calculate the greatest common divisor of 28 and k.
7
Suppose 0 = 5*t + v + 1, 6*t - 5*v - 5 = t. Let m be 2/(-6) + 200/6. Suppose t = 2*d + d - m. Calculate the highest common factor of d and 33.
11
Let w(j) = -45*j + 37. Let a be w(-4). Calculate the highest common divisor of a and 7.
7
Let z = -7 + 25. Let m be (-6)/z - (-14)/6. Calculate the highest common divisor of m and 16.
2
Let t be 28/21*(78 + 0). Calculate the greatest common factor of 13 and t.
13
Let c = 905 - 869. Let j be 4/6 + (-68)/(-6). What is the highest common factor of c and j?
12
Let w be 4/10 + (-98)/(-5). Suppose -2*m = -m - 2. Let l = m - -28. Calculate the greatest common divisor of w and l.
10
Let a be 113 + -46 - (0 - (-1 + 0)). Suppose -2*s + 10 + 2 = 0. What is the highest common divisor of s and a?
6
Let n = 13 - 12. Calculate the highest common divisor of n and 4.
1
Let q be 5/2 - (-1)/(-2). Let i be ((-13)/4)/(q/(-144)). Let b(n) = n**2 - 3*n - 28. Let z be b(9). What is the greatest common factor of i and z?
26
Suppose 3*r + r = 0. Suppose r*s = 5*s - 55. Let z = -63 - -140. What is the greatest common divisor of z and s?
11
Let t(h) = h**2 + 3*h - 16. Let c be t(-7). What is the highest common factor of 30 and c?
6
Suppose 9*q - 2*q = 14. What is the greatest common factor of 5 and q?
1
Let y = 1 - -3. Let q(r) = r + 1. Let u(p) = -2*p + 6. Let a(h) = q(h) - u(h). Let b be a(y). What is the highest common divisor of 49 and b?
7
Let c = -40 + 61. Let d be (-36)/(-28) + (-4)/14. Suppose -g = -2 - d. Calculate the highest common factor of g and c.
3
Let n(h) = h - 2. Let z be n(1). Let m = z - -1. Suppose 2*s - 8 = -m*s. What is the greatest common divisor of 4 and s?
4
Let a be 3/(-2)*(-10)/3. What is the greatest common divisor of a and 5?
5
Let z be (31 - -1) + (14 - 15). Calculate the highest common divisor of 248 and z.
31
Suppose 18*y - 14*y = 264. What is the highest common factor of y and 6?
6
Let f(t) = 8*t - 2. Let s be f(2). Let j(y) = -y**2 + 21. Suppose -2*b = -4*b. Let z be j(b). Calculate the greatest common divisor of z and s.
7
Let h be (-1)/6 - (-605)/30. Suppose 0 = 4*a + h, -2*m = -7*m + 2*a + 20. What is the greatest common factor of 3 and m?
1
Suppose 0*k + 40 = 2*k. Suppose 3*n + 2*y = -y + 12, 4*y + k = 2*n. Let l be ((-40)/n)/((-1)/6). Calculate the greatest common factor of 5 and l.
5
Let c = -2 - -6. Suppose c*y - 6 = y. Suppose 57 - 9 = y*b. What is the greatest common divisor of 36 and b?
12
Let z = -12 + 23. Suppose 17 = 4*h + v, v + 12 + z = 4*h. Let x = h - 3. What is the greatest common divisor of x and 16?
2
Let g = 175 + -39. Suppose 5*x - 3*x - 22 = 0. Suppose -2*t - 4*a = -38, 5*a = t - 1 - x. What is the highest common factor of t and g?
17
Let r(q) be the third derivative of q**5/4 - q**4/24 + q**3/6 - q**2. Let k be r(1). Suppose -2 - 3 = -u. What is the greatest common factor of u and k?
5
Let x = -2 - -7. Suppose -7 = -2*m - 3*b, -5*b - 38 = -x*m + 17. What is the highest common divisor of 4 and m?
4
Let d be 480/14 + (-2)/7. Suppose -2*b - 77 = -r + 16, -2*b = 4*r - 332. What is the highest common factor of r and d?
17
Suppose 5 + 25 = 5*y. Let p(c) = -c**2 + 12*c - 9. Let m be p(y). Calculate the greatest common divisor of m and 216.
27
Suppose 4*t - 22 - 18 = 0. Suppose 2*d = -3*d + t. Suppose d*v - 2 = -0*v. What is the highest common divisor of v and 1?
1
Let o be 28/(6/(-12)*4/(-2)). What is the greatest common factor of o and 7?
7
Let u = -44 - -57. Calculate the highest common divisor of u and 65.
13
Suppose 0 = g - 3*p - 20, -41 - 17 = -4*g + p. Calculate the greatest common divisor of g and 56.
14
Let d be -45*6/15*-1. Suppose -4*t + 4*q = 7 + 21, 2*t - 3*q + d = 0. Let a be 22/4*(11 - t). What is the greatest common factor of a and 7?
7
Suppose -t + 6 = 2*f + f, 2*f = 2*t - 4. What is the highest common divisor of t and 1?
1
Suppose -5*g - 2*d = -7*d, 0 = -5*d + 15. Let r(p) = 5*p**2 - 5*p + 6. Let n be r(4). Suppose -w - n = -3*w. What is the highest common factor of w and g?
3
Let a(h) = -h**3 + 2*h**2 - 1. Let q be a(1). Suppose q*d + 5*d = 50. What is the highest common factor of 10 and d?
10
Let i = 3 + 6. Let k = -20 + 38. Calculate the greatest common divisor of i and k.
9
Suppose -90 = w - 6*w. What is the highest common factor of 45 and w?
9
Suppose 0 = 4*u - 8*u + 208. Calculate the greatest common divisor of 26 and u.
26
Let y(f) = f. Suppose m + 5*k = -m + 13, -4*m + 4*k = -12. Let x be y(m). What is the greatest common divisor of 12 and x?
4
Suppose 0 = -3*h - v + 1 - 14, -h - 23 = 5*v. Let l be 19/(-3) + (-1)/h. Let b be (17 - 1)/((-3)/l). What is the highest common divisor of b and 80?
16
Let o = 23 - -15. Calculate the greatest common divisor of o and 2.
2
Let b be (80/24)/(4/78). Calculate the greatest common divisor of b and 26.
13
Let y = -22 - -16. Let f be 1/y - 338/(-12). What is the highest common factor of 7 and f?
7
Suppose -6 = -2*m - 0. Let o be ((-4)/8)/(m/(-18)). Calculate the greatest common factor of 15 and o.
3
Let b(t) = t - 1. Suppose 0 = 4*q - q. Let y be b(q). Let x be 8 - (y + 0 - -3). What is the greatest common factor of 6 and x?
6
Let u be (-9 - (-4 - -1))*-1. Suppose -400 = -u*g + 2*g. What is the greatest common divisor of g and 40?
20
Let f be 9/4 - (-1)/(-4). Let b = 13 + f. Let d be (-90)/